75 = -3*c. What are the prime factors of c?
5
Suppose -5*r + 9 = 4. Let q be (r + (4 - 229))*-2. Suppose 8*a - a - q = 0. What are the prime factors of a?
2
Let q be 3/2 + (-3)/2. Suppose 0 = -5*h - 3*i + 88 - 33, q = -3*h + 4*i + 33. Suppose -5*g + h*g - 300 = 0. What are the prime factors of g?
2, 5
Suppose -l - z - 9 = 0, -2*l - 2*z = z + 16. Let i = l - -15. What are the prime factors of (390/20)/(3/i)?
2, 13
List the prime factors of (-10)/(-60)*0 - (3 - 33840 - -3).
2, 3, 5639
Let d be 0/(-15)*(0 - -1). Suppose d = -6*i + 4*i - 4*h + 462, 2*i = -h + 447. List the prime factors of i.
13, 17
Suppose 0 = 4*g - 5*l - 3008, -g - 11*l + 761 = -10*l. Suppose -3*p + 385 = 4*f - g, 1510 = 4*p - f. What are the prime factors of p?
2, 3, 7
Let g(p) = -4*p**3 + 312*p**2 + 396*p - 150. List the prime factors of g(78).
2, 3, 47, 109
Let t be 4 + 0*(-1)/2. What are the prime factors of 1719/t + (-3)/(-12)?
2, 5, 43
Suppose -2*c + c + 65 = 0. Let l = c - 63. Suppose -20 + 10 = -l*w. List the prime factors of w.
5
What are the prime factors of (-5 - -4)*((-4)/(-12))/(19/(-1240719))?
21767
Suppose -466497 = -92*w + 1382611. What are the prime factors of w?
101, 199
Let p(b) = -10*b**3 - 45*b**2 - 40*b - 286. List the prime factors of p(-13).
13, 1123
Let j(g) = -g**3 - 17*g**2 + 16*g - 32. Let m be j(-18). Let l(c) = 9*c + 26. List the prime factors of l(m).
2, 31
Let g = 323 - 300. Suppose 2*m - 179 - g = 0. What are the prime factors of m?
101
Let t be 4/12 + ((-15)/(-9))/1. List the prime factors of -706*4/(-16)*t.
353
Suppose -x = p - 430, 8*p - 426 = 7*p - 2*x. Suppose -2*h = -4*y - 848, h = -0*y + 4*y + p. List the prime factors of h.
2, 3, 23
Suppose 5*n - 4*n - 137 = 0. Suppose -3*s - 216 = -6*s. Let o = n - s. What are the prime factors of o?
5, 13
Let s(y) = -2*y**3 - y + 2. Let i be s(-3). Let w = -57 + i. Let h = w - -19. List the prime factors of h.
3, 7
Let p = 23263 - 16983. List the prime factors of p.
2, 5, 157
Let s = 419 - -38. Let c = s - 249. Suppose -5*a = 3*a - c. List the prime factors of a.
2, 13
Let v(a) = a**2 + 25*a - 147. Let s be v(-30). Suppose s*n - 1171 = -g, -166 = 5*n + 3*g - 2115. List the prime factors of n.
17, 23
What are the prime factors of (-343 + 208/(-16))*905/(-20)?
89, 181
Let r(c) = -10235*c + 19620. List the prime factors of r(-6).
2, 3, 5, 37, 73
Let y(o) = 169*o**2 + 31*o + 174. Let x be y(-9). Suppose 16*r + 0*r - x = 0. What are the prime factors of r?
3, 283
Let r = 687 + -460. Let j = 310 + r. What are the prime factors of j?
3, 179
Let y = -130 + 135. Suppose -y*f = 3*p + 845, 0 = -3*f - 2*p - 573 + 67. Let x = f - -419. What are the prime factors of x?
13, 19
Let j(f) = 2*f**2 - 9*f - 2. Let a be j(5). Suppose -a*l = 3, -2*u + 12785 = -5*l + 3348. What are the prime factors of u/45 - 2/(-10)?
3, 5, 7
Suppose 4*v = 3*a + 35870, -2*a = -13*v + 9*v + 35868. What are the prime factors of v?
2, 4483
Let m(d) = 537*d**2 + 174*d + 38. What are the prime factors of m(-7)?
41, 613
Suppose 14 = -11*h + 872. List the prime factors of h/12 - 6 - 163/(-2).
2, 41
Let p = 113 + 21. What are the prime factors of p*1 - ((-3 - 4) + 5)?
2, 17
Let z(f) = -12*f + 48. Let n be z(4). Let m(h) = h**3 + 3*h**2 + h + 460. What are the prime factors of m(n)?
2, 5, 23
Suppose -161*i + 209135 + 485717 + 739819 = 0. List the prime factors of i.
7, 19, 67
Let b = -24 + 24. Suppose b = 3*d + d + j - 2781, 0 = -2*d + j + 1395. List the prime factors of d.
2, 3, 29
Let d = -321 + 271. Let q = 504 - d. List the prime factors of q.
2, 277
Suppose 0 = -2*h + i + 11, -9*i + 7*i = -3*h + 19. Suppose -c + 2*l + 442 = 0, l + 1330 = h*c - 4*l. What are the prime factors of c?
2, 3, 5
Suppose -40*d + 48*d + 1400 = 0. What are the prime factors of ((-303)/9)/((d/(-126))/(-25))?
2, 3, 101
Let n = -8980 + 38607. List the prime factors of n.
13, 43, 53
Let a = 855 + -937. Let j be -133 - 1 - (-1 + 3). Let x = a - j. List the prime factors of x.
2, 3
Let t(f) = 2*f**2 + 8*f - 85. Let c be t(-30). Let z = c - 948. List the prime factors of z.
17, 31
Let c(p) = 3*p**3 + 10*p**2 + 13*p - 23. Let h(n) = 2*n**3 + 9*n**2 + 13*n - 22. Let v(g) = 3*c(g) - 4*h(g). What are the prime factors of v(9)?
5, 29
Let o(u) = 32*u**2 + 4*u - 16. Let h = 352 - 347. What are the prime factors of o(h)?
2, 3, 67
Suppose 5*c = -3*h + 2411 - 1311, 0 = 2*c + 2*h - 440. List the prime factors of c.
2, 5, 11
Let t = 4786 + 10507. What are the prime factors of t?
41, 373
Let n = 9029 - -5919. List the prime factors of n.
2, 37, 101
Let j = -15110 + 42568. List the prime factors of j.
2, 13729
Suppose 3*m - 5853 = 3*i, 2*m - 5*i = -2*i + 3897. Suppose -m = -x - 5*x. What are the prime factors of x?
2, 163
Let h = 28157 - 14835. List the prime factors of h.
2, 6661
Let l = 186 + -184. What are the prime factors of (224/8)/((l + -1)/6)?
2, 3, 7
Let c(w) = 23*w - 22. Let z(g) = g**3 - 4*g**2 - 13*g - 14. Let s be z(7). Suppose -5*p = p - s. List the prime factors of c(p).
139
Suppose 0 = 3*l + 55 + 164. Let m be (-36)/(-12) - l/(-1). Let x = m - -104. What are the prime factors of x?
2, 17
Suppose -4*p + 3*p + 8222 = 2*g, -2*p - 8 = 0. What are the prime factors of g?
3, 457
Let l(m) be the third derivative of 113*m**5/60 + m**4/4 + m**3/6 - m**2 + 57. What are the prime factors of l(-2)?
3, 7
Suppose 6*t - 21735 = -9*t. Suppose -t = -3*y + 5*p, y + 5*p + 58 = 541. List the prime factors of y.
3, 7, 23
Let f be (4/6)/(0 + (-4)/(-5172)). Suppose -74 + f = 2*m. What are the prime factors of m?
2, 197
What are the prime factors of 4525 + 4 + 1/(2*3/6)?
2, 3, 5, 151
Let s(u) = 10*u**2 + 78*u - 94. List the prime factors of s(-33).
2, 4111
List the prime factors of 15/((-1 - 5)/(-3222)).
3, 5, 179
Let f(u) be the second derivative of 25*u**3/2 + u**2 + 3*u. Let i be (126/(-42))/(-1 + -2 + 0). What are the prime factors of f(i)?
7, 11
Suppose -4*h - 2*g + 200 + 122 = 0, -5*g = -5. Let a be (-116)/24*9/3*-4. Let q = h - a. What are the prime factors of q?
2, 11
Let a(t) = -45*t - 71. List the prime factors of a(-10).
379
What are the prime factors of -14*6/12 + 12467?
2, 5, 7, 89
Let k(b) = b**2 - 14*b + 3. Let i be k(12). Let h be (-2)/(i/(-49) + (-31)/56). Suppose -11*r - 25 = -h*r. List the prime factors of r.
5
Let l = -28950 - -33426. List the prime factors of l.
2, 3, 373
Let k(r) = 2*r**2 - 10*r + 6. Let v be k(6). Suppose 10*n = n + v. Suppose 4*l + n*g - 162 = 2*l, 0 = -4*l + g + 334. What are the prime factors of l?
83
Let w(m) = -2*m**3 - 11*m**2 + m - 6. Let v(s) = s**3 + 4*s**2 + 2. Let g(p) = -8*v(p) - 3*w(p). Let r be g(1). What are the prime factors of 11*((1 - r) + 7)?
2, 5, 11
Let t(g) = -2 - 63 - 22 + 2*g**2 - 37 + 25*g. List the prime factors of t(-23).
359
Let v(r) = -2300*r + 6615. What are the prime factors of v(-10)?
5, 5923
What are the prime factors of 2/20 + 3555/450 + -3 + 6974?
7, 997
Suppose -24*n + 7*p + 96506 = -21*n, 96511 = 3*n - 2*p. What are the prime factors of n?
53, 607
Let v = -785 - -772. Let j = -18 - -41. Let f = v + j. List the prime factors of f.
2, 5
Let q = -862 - -1098. Let m = q - 129. What are the prime factors of m?
107
Suppose -3*v = -l + 231, 0*l + 4*l = -4*v + 1004. Let x = l - 181. What are the prime factors of x?
5, 13
Let z(i) = 2*i - 12. Let b be z(6). Suppose 8*j = j + 140. Suppose -k - 296 = -4*r - 2*k, b = -5*k - j. What are the prime factors of r?
3, 5
Let t(o) = 3695*o**2 + 53*o - 110. What are the prime factors of t(2)?
2, 1847
Let k be (-1)/(2319/2322 + -1). Suppose 415*q - 414*q - 2 = o, 0 = -4*o + 8. Suppose k + 58 = q*f. List the prime factors of f.
2, 13
Suppose 1226*w + 1239*w + 475328 = 2479*w. What are the prime factors of w?
2, 1061
Suppose -k + 57 = 2*i, -3*k = 2*i - i - 151. Let f be (-7)/k - (-57)/7. Suppose 3*d + 380 = f*d. What are the prime factors of d?
2, 19
List the prime factors of 5904 + -1 + 24/(-12) + 6.
3, 11, 179
Let m = -84 + 87. Let c(t) = -10*t - 37. Let q(y) = -y + 1. Let x(o) = m*q(o) - c(o). List the prime factors of x(15).
5, 29
Let p = 125 + -123. What are the prime factors of (-2)/(40/(-12) - (p - 5))?
2, 3
Let o = 540 - 539. List the prime factors of 1521 - -1 - (0/o - -5).
37, 41
Let z(v) = -v**2 + 2*v + 1441. Let h be z(0). Let k = h - 1021. What are the prime factors of k?
2, 3, 5, 